factor of o and 1?
1
Let o = -307 - -460. Suppose -2*d - 1 = 7. Let j(t) = t**3 + 5*t**2 - t - 3. Let c be j(d). What is the greatest common factor of c and o?
17
Let k(m) = -m**3 - 9*m**2 + 15*m + 19. Let n be k(-11). Calculate the greatest common factor of n and 12.
12
Suppose 4*k + 8 = 0, 4*x - k = 33 + 29. Let f be (-6)/10 + 3/5. Suppose f = -3*g - 3, 5*y - 5*g = -0*y + 30. What is the highest common factor of x and y?
5
Suppose -a + 12 + 0 = 0. What is the greatest common factor of 84 and a?
12
Let p(c) = c**2 - 5*c + 5. Let l be p(5). Suppose 5*v = 3*f + 75, l*v = 2*f + 100 - 25. Let n = -55 + 85. Calculate the greatest common divisor of n and v.
15
Suppose -4*u + 8 = -4*y, 3*y = -0*u + 4*u - 8. Let d be 6/(-6)*(y - 24). Let g be 4/(2 + 3/(-2)). Calculate the highest common factor of d and g.
8
Suppose -j = -4, -10*b = -9*b - 3*j - 20. Suppose 0 = 2*v - 3*h - 49, -3*h = 4*v - h - 138. What is the greatest common divisor of v and b?
32
Suppose -5*p - j = -543, 2*p = j - 5*j + 228. What is the greatest common factor of p and 27?
27
Let c(i) = 44*i**2 - i. Let p be c(-1). What is the greatest common divisor of 15 and p?
15
Suppose 5*p + 10 = 0, -2*h + 6*h + p = 670. Calculate the highest common factor of h and 24.
24
Let d be (2 - (-3 - 4))*3. Calculate the greatest common factor of d and 3.
3
Suppose 3*o + 78 = -5*x, -2*x - 2*x - 2*o - 64 = 0. Let c be x/1*(-2)/2. What is the highest common factor of 6 and c?
6
Let o be (1/3)/(1/21). Let m be 21/(5/(55/3)). What is the highest common factor of o and m?
7
Let n be (-3)/(0 + 2 - 1). Let k = 9 - n. Suppose 0 = -4*a + a + 288. Calculate the greatest common factor of k and a.
12
Suppose -4*k - 5*c + 81 = 0, 3*k - 23 = k + c. Suppose j = 5 + 9. Calculate the highest common divisor of j and k.
14
Suppose -2*j - 4*v = -2, -2*v = -2*j - 0*v + 20. Suppose 5*f - 5*o = 255, 4*f + 2*o = o + 229. Calculate the highest common divisor of j and f.
7
Let t be (-62)/(-4) - 1/2. Calculate the highest common divisor of 105 and t.
15
Suppose -5*p - 2*d + 133 = 0, 0 = -3*p + p - 5*d + 49. Calculate the greatest common divisor of p and 9.
9
Suppose j + 9 = 4*j. Suppose -j*x = 2 - 17. Let z = 19 - x. Calculate the highest common factor of z and 28.
14
Let b(v) = -v**3 - 6*v**2 - 8*v - 5. Suppose 2*r - 2 + 12 = 0. Let d be b(r). Let q be d + -1 - (-5)/5. What is the greatest common divisor of 90 and q?
10
Let s be (-9)/(-2)*2*-5. Suppose 7*u - 190 = 5*u. Let n = u - s. Calculate the greatest common divisor of n and 20.
20
Let u(p) = p**2 + 2. Let m be u(-3). Suppose 4*d = 186 + 138. Let s = 202 - d. What is the highest common divisor of s and m?
11
Let c(i) = -3 - 3*i**2 - 29*i**3 + 3*i + 4*i**2 + 4 + 0*i**2. Let h be c(-2). What is the greatest common divisor of h and 21?
21
Suppose 4*v + 5*f = -27, -3*v + 0*f - 20 = 4*f. Let k = v + 5. Let l = k + 6. What is the greatest common factor of l and 27?
3
Let o = -21 - -31. What is the highest common divisor of 40 and o?
10
Suppose -4*z + 60 = -60. Suppose 44 + 136 = 6*b. What is the highest common factor of b and z?
30
Let h(w) = w**3 + 4*w**2 - 6*w - 3. Let z be h(-5). Suppose -3*x + 4*j + 24 = 0, 9 = -4*x - j + 22. Calculate the greatest common factor of x and z.
2
Let r be (1 - 18/4)*4. Let n be r/4*16/(-28). Suppose 4*o = k + 64, -4*o = -2*k - 2*k - 64. What is the greatest common divisor of o and n?
2
Let c = -3 + 5. Suppose -4*p + 249 = 5*u, -c*p - 3*p = -5. Let j(l) = l - 2. Let h be j(9). Calculate the highest common factor of h and u.
7
Let t = 15 + -11. Suppose -t*o - 296 = -9*o + 2*i, o = 2*i + 56. What is the highest common divisor of 12 and o?
12
Let d be (0 - 0) + (0 - -21). Calculate the highest common divisor of 84 and d.
21
Suppose 3*c = 4*y - 85 - 401, -5*y + 2*c + 611 = 0. Let n = -63 + y. Let g be (n/(-25))/((-2)/15). Calculate the highest common factor of 2 and g.
2
Let i be (2/(-4))/((-123)/30 - -4). Calculate the highest common factor of 10 and i.
5
Let m be -39*(-2)/2*1. Let t be 2/(-10) - (-14)/(-5). Let a(b) = -8*b + 2. Let d be a(t). What is the highest common divisor of d and m?
13
Let t = -2 + 5. Suppose t*s - 4*a + 12 = 48, 0 = s - 3*a - 12. Let x(c) = c**2 + 3*c + 3. Let l be x(-3). What is the highest common factor of s and l?
3
Let p be (-2 + 1)*-1*9. Calculate the highest common divisor of p and 72.
9
Let y be 4 - (14/91 + 290/(-26)). What is the highest common divisor of y and 105?
15
Let m = 554 - 367. Let g = 278 - m. Suppose 4*n + 47 = 4*c - c, n - 50 = -4*c. Calculate the greatest common divisor of c and g.
13
Suppose -2*s + 12 = 5*o - 20, -36 = -2*s - 3*o. Suppose 9 - 24 = 3*w, -4*v + 2*w = -178. Calculate the greatest common divisor of s and v.
21
Suppose 0 = 2*z - z - 1. Let l = 5 + z. What is the greatest common divisor of 42 and l?
6
Let v be 5 - (4/(-2) - -4). Let z = 0 - -2. Suppose -3*l = z*l - 135. Calculate the highest common factor of l and v.
3
Suppose -s + 4*t + 30 = 0, -s - t + 154 = 3*s. Suppose -k = -p - 4*p + s, 4*k + 32 = 5*p. What is the highest common divisor of 8 and p?
8
Let a = 30 - 13. Let g = 0 - -2. Suppose -g*s - 44 = -5*u - s, a = 2*u - s. Calculate the highest common factor of u and 3.
3
Let k be 342/21 - 4/14. Suppose -i = i - k. Suppose -5*z = -r - 16, -3*r - 3*z + i = -34. Calculate the greatest common divisor of r and 81.
9
Suppose 0 = -7*a + 5*a + 80. What is the greatest common divisor of a and 8?
8
Let d = -4 + 29. What is the highest common factor of d and 15?
5
Let k be (2 + 6/(-4))*0. Suppose k*x = -x. Suppose 5*n - 71 = 3*h - 1, -n + 5*h + 14 = x. What is the highest common factor of n and 126?
14
Let b(r) = -3*r**3 - 2*r**2 - 2*r - 3. Let i be b(-2). What is the greatest common factor of 34 and i?
17
Let r be 1 - -1 - (-5)/((-20)/(-16)). Calculate the highest common divisor of 12 and r.
6
Suppose 2*n - 2*p - 210 = 0, -3*n + p + 299 = -26. Let g be (-60)/3*1/(-2). Calculate the highest common factor of g and n.
10
Suppose 3*x = 2*w - 0*w + 24, x + 3*w = 19. Let h = x + 14. What is the highest common factor of h and 8?
8
Let h be (-168)/(-9)*(-27)/(-12). What is the highest common factor of h and 21?
21
Let k be 3 + (-2 + 3 - 1). Calculate the greatest common divisor of k and 18.
3
Suppose -4*s + 16 = -r - 3*r, -6 = s + r. Let o = 21 + s. What is the greatest common divisor of o and 200?
20
Suppose 135 - 6 = 3*q. Calculate the greatest common factor of 301 and q.
43
Suppose -z + 4 = 2. Let k = -8 + -1. Let b = k - -23. What is the greatest common divisor of b and z?
2
Let t be (-9)/(-2)*4/6. Suppose 4*y = t*y + 72. What is the highest common factor of 8 and y?
8
Suppose 198 = 3*j - j. Suppose 5*f + y - j = 0, 3*f = -y + 3*y + 62. Suppose -2 - 8 = -2*l. What is the greatest common factor of l and f?
5
Suppose -3*o + 12 = o. Suppose 5*p + 3*q = 2 - 4, o*p + 6 = -3*q. Calculate the highest common divisor of p and 10.
2
Let p = 30 + -23. Calculate the greatest common factor of 56 and p.
7
Let i(k) = -7*k + 5*k - 10*k + 6. Let f be i(-5). Let n(s) = -s - 9. Let c be n(-15). Calculate the highest common factor of f and c.
6
Let l(d) = 22*d + 2. Let q = 7 + -3. Let g be l(q). Let b = -1 - -11. Calculate the greatest common divisor of g and b.
10
Suppose -2*j + 6*x = 3*x - 78, -x + 229 = 5*j. What is the highest common factor of j and 9?
9
Suppose 4*f - 256 = -2*d, 4*f + 2*d - 67 = 3*f. Let r = -7 + 49. Calculate the greatest common divisor of f and r.
21
Suppose 4*p + 13 = n, 2*n - 10 = -2*n - 5*p. Suppose 2*r + 0*r - 110 = 0. Calculate the highest common divisor of r and n.
5
Suppose -8 = 3*h - 65. Let m be (-5)/((-5)/14) + 5. What is the highest common divisor of m and h?
19
Let v = 17 - 7. Let f(t) = -2*t**3 + t**2 + 8. Let g be f(0). Let a be (g/v)/((-1)/(-60)). Calculate the greatest common divisor of a and 6.
6
Suppose -163 + 1 = -6*b. Calculate the highest common divisor of b and 9.
9
Let k be 1*131 - (1 + -2). Suppose 5*h - 2*l - 16 = 54, 2*h = l + 29. Calculate the greatest common factor of k and h.
12
Let v = -103 + 111. What is the highest common factor of v and 104?
8
Let r(c) = 5*c**2 + 3*c - 3. Let b be r(-3). Let o be 1/2 + 473/22. Calculate the greatest common divisor of o and b.
11
Let v = -7 - -5. Let l be ((-45)/(-4))/(v/(-8)). What is the highest common divisor of 9 and l?
